{"id":3966,"date":"2012-05-22T17:42:00","date_gmt":"2012-05-22T22:42:00","guid":{"rendered":"https:\/\/www.txid.org\/?page_id=3966"},"modified":"2014-07-23T14:07:57","modified_gmt":"2014-07-23T19:07:57","slug":"quiere-a-tu-piel","status":"publish","type":"page","link":"https:\/\/www.txid.org\/?page_id=3966","title":{"rendered":"Quiere a tu Piel"},"content":{"rendered":"<h1 style=\"text-align: center;\"><span style=\"color: #ffcc00; font-size: 30px;\">Clinica y Quir\u00fargica Dermatolog\u00eda<\/span><\/h1>\n<p>Quiere a tu Piel: En el Instituto de Dermatolog\u00eda de Texas queremos que tenga excelentes resultados y que sienta que todas sus necesidades sean atendidas y sus preguntas sean contestadas a fondo.\u00a0 Como l\u00edderes en el conocimiento y tratamiento de enfermedades de la piel, pelo y u\u00f1as en el Sur de Tejas, incluyendo San Antonio y Boerne; nuestra misi\u00f3n es servirle con excelencia, y sobresalir por nuestra investigaci\u00f3n y educaci\u00f3n vanguardista.<\/p>\n<p>&nbsp;<\/p>\n<p>Quiere a tu Piel: El Instituto de Dermatolog\u00eda de Texas, L\u00e1ser y Cosm\u00e9ticos, provee un servicio clinico completo a nuestros pacientes en San Antonio y Boerne en las siguientes \u00e1reas:<\/p>\n<ul>\n<li>Acn\u00e9 y Ros\u00e1cea<\/li>\n<li>Alergias de la Piel<\/li>\n<li>Ampollas en la Piel<\/li>\n<li>C\u00e1ncer de la Piel<\/li>\n<li>Dermatitis<\/li>\n<li>Dermatitis de Contacto Al\u00e9rgico<\/li>\n<li>Erupci\u00f3n Cut\u00e1nea<\/li>\n<li>Eczema<\/li>\n<li>Enfermedades Autoinmunes de la Piel<\/li>\n<li>Hiperhidrosis<\/li>\n<li>Hiperpigmentaci\u00f3n de la Piel<\/li>\n<li>Dermatosis Ocupacional<\/li>\n<li>Infecciones por Hongos<\/li>\n<li>Lesiones Pigmentada y Lunares<\/li>\n<li>Psoriasis<\/li>\n<li>Melasma<\/li>\n<li>Vitiligo<\/li>\n<\/ul>\n<p>&nbsp;<\/p>\n<p>Dr. Ghohestani es reconocido internacionalmente por sus contribuciones originales en el \u00e1rea de Dermatolog\u00eda y Biologia Cut\u00e1nea y por sus m\u00faltiples publicaciones en revistas m\u00e9dicas.<\/p>\n<p>&nbsp;<\/p>\n<p>El recibi\u00f3 su educaci\u00f3n en los mejores centros m\u00e9dicos de Estados Unidos y Francia.\u00a0 Dr. Ghohestani tiene una maestr\u00eda en Cosmetolog\u00eda y un doctorado en Biolog\u00eda de la Piel e Inmulog\u00eda de la Universidad de Claude Bernard en Lyon, Francia.<\/p>\n<p>&nbsp;<\/p>\n<p>Adem\u00e1s es el ex-jefe del programa de Dermatolog\u00eda en la Universidad de Texas Health Science Center en San Antonio y el co-editor de la Revista Europea de Dermatolog\u00eda.<\/p>\n<p>&nbsp;<\/p>\n<p>Dr. Ghohestani es experto en el arte y la ciencia del cuidado de la Piel, Dermatolog\u00eda y Cirug\u00eda de la Piel.\u00a0 El contin\u00faa haciendo investigaci\u00f3n e implementa los mejores tratamientos para sus pacientes.<\/p>\n<p>&nbsp;<\/p>\n<h2><span style=\"color: #ffcc00;\">Dermatolog\u00eda Cosm\u00e9tica<\/span><\/h2>\n<p>Todos los tratamientos son supervisados a ejecutados por un dermat\u00f3logo.\u00a0 Muchos de nuestros pacientes que primera consideran hacerse cirug\u00eda cosm\u00e9tica se sorprenden cuando descubren que pueden recuperar su apariencia juvenil con procedimientos m\u00e1s baratos y menos invasivos que proveen un aspecto natural sin los obvios rastros de cirug\u00eda.<\/p>\n<p>&nbsp;<\/p>\n<p>Dr. Ghohestani y se equipo se preocupan por un excelente suidado de su piel de forma total.<\/p>\n<ul>\n<li>Depilaci\u00f3n Laser<\/li>\n<li>Pequea\u00f1as V\u00e1rices<\/li>\n<li>Celulitis Contorno Corporal<\/li>\n<li>Angiomas<\/li>\n<li>Reestiramiento de la Piel<\/li>\n<li>Remodelaci\u00f3n de la Nariz<\/li>\n<li>Aumento de Labios<\/li>\n<li>Reconstrucci\u00f3n Laser<\/li>\n<li>Rejuvenecimiento de la Piel<\/li>\n<li>Reducci\u00f3n de Arrugas<\/li>\n<li>Resauraci\u00f3n de Volumen<\/li>\n<\/ul>\n<p>&nbsp;<\/p>\n<h2><span style=\"color: #ffcc00;\">\u00bfCual es el Primer Paso?<\/span><\/h2>\n<p>Llame a nuestra oficina al 210-698-6777 para programar una consulta personal con Dr. Ghohestani, nuestro Dermatologo internacionalmente reconocido, para discutir sus necesidades.\u00a0 El podr\u00e1 contestar sus preguntas y recomendar el major tratamiento para usted.<\/p>\n","protected":false},"excerpt":{"rendered":"<p>Clinica y Quir\u00fargica Dermatolog\u00eda Quiere a tu Piel: En el Instituto de Dermatolog\u00eda de Texas queremos que tenga excelentes resultados y que sienta que todas sus necesidades sean atendidas y sus preguntas sean contestadas a fondo.\u00a0 Como l\u00edderes en el conocimiento y tratamiento de enfermedades de la piel, pelo y u\u00f1as en el Sur de [&hellip;]<\/p>\n","protected":false},"author":9,"featured_media":0,"parent":0,"menu_order":0,"comment_status":"closed","ping_status":"open","template":"","meta":{"om_disable_all_campaigns":false,"_exactmetrics_skip_tracking":false,"_exactmetrics_sitenote_active":false,"_exactmetrics_sitenote_note":"","_exactmetrics_sitenote_category":0,"_monsterinsights_skip_tracking":false,"_monsterinsights_sitenote_active":false,"_monsterinsights_sitenote_note":"","_monsterinsights_sitenote_category":0,"_uf_show_specific_survey":0,"_uf_disable_surveys":false,"_glsr_average":0,"_glsr_ranking":0,"_glsr_reviews":0,"footnotes":""},"class_list":["post-3966","page","type-page","status-publish","hentry"],"aioseo_notices":[],"yoast_head":"<!-- This site is optimized with the Yoast SEO plugin v27.2 - https:\/\/yoast.com\/product\/yoast-seo-wordpress\/ -->\n<title>Quiere a tu Piel<\/title>\n<meta name=\"description\" content=\"Quiere a tu Piel\" \/>\n<meta name=\"robots\" content=\"index, follow, max-snippet:-1, max-image-preview:large, max-video-preview:-1\" \/>\n<link rel=\"canonical\" href=\"https:\/\/www.txid.org\/?page_id=3966\" \/>\n<meta property=\"og:locale\" content=\"en_US\" \/>\n<meta property=\"og:type\" content=\"article\" \/>\n<meta property=\"og:title\" content=\"Quiere a tu Piel\" \/>\n<meta property=\"og:description\" content=\"Quiere a tu Piel\" \/>\n<meta property=\"og:url\" content=\"https:\/\/www.txid.org\/?page_id=3966\" \/>\n<meta property=\"og:site_name\" content=\"Top Dermatologist in San Antonio Boerne | Texas Institute of Dermatology, Laser and Cosmetic Surgery\" \/>\n<meta property=\"article:modified_time\" content=\"2014-07-23T19:07:57+00:00\" \/>\n<meta name=\"twitter:label1\" content=\"Est. reading time\" \/>\n\t<meta name=\"twitter:data1\" content=\"2 minutes\" \/>\n<script type=\"application\/ld+json\" class=\"yoast-schema-graph\">{\"@context\":\"https:\/\/schema.org\",\"@graph\":[{\"@type\":\"WebPage\",\"@id\":\"https:\/\/www.txid.org\/?page_id=3966\",\"url\":\"https:\/\/www.txid.org\/?page_id=3966\",\"name\":\"Quiere a tu Piel\",\"isPartOf\":{\"@id\":\"https:\/\/www.txid.org\/#website\"},\"datePublished\":\"2012-05-22T22:42:00+00:00\",\"dateModified\":\"2014-07-23T19:07:57+00:00\",\"description\":\"Quiere a tu Piel\",\"breadcrumb\":{\"@id\":\"https:\/\/www.txid.org\/?page_id=3966#breadcrumb\"},\"inLanguage\":\"en-US\",\"potentialAction\":[{\"@type\":\"ReadAction\",\"target\":[\"https:\/\/www.txid.org\/?page_id=3966\"]}]},{\"@type\":\"BreadcrumbList\",\"@id\":\"https:\/\/www.txid.org\/?page_id=3966#breadcrumb\",\"itemListElement\":[{\"@type\":\"ListItem\",\"position\":1,\"name\":\"Home\",\"item\":\"https:\/\/www.txid.org\/\"},{\"@type\":\"ListItem\",\"position\":2,\"name\":\"Quiere a tu Piel\"}]},{\"@type\":\"WebSite\",\"@id\":\"https:\/\/www.txid.org\/#website\",\"url\":\"https:\/\/www.txid.org\/\",\"name\":\"Best Dermatologist in San Antonio Boerne | Texas Institute of Dermatology, Laser and Cosmetic Surgery\",\"description\":\"General, Surgical and Aesthetic Dermatology San Antonio Boerne\",\"publisher\":{\"@id\":\"https:\/\/www.txid.org\/#organization\"},\"potentialAction\":[{\"@type\":\"SearchAction\",\"target\":{\"@type\":\"EntryPoint\",\"urlTemplate\":\"https:\/\/www.txid.org\/?s={search_term_string}\"},\"query-input\":{\"@type\":\"PropertyValueSpecification\",\"valueRequired\":true,\"valueName\":\"search_term_string\"}}],\"inLanguage\":\"en-US\"},{\"@type\":\"Organization\",\"@id\":\"https:\/\/www.txid.org\/#organization\",\"name\":\"Texas Institute of Dermatology, Laser and Cosmetic Surgery\",\"url\":\"https:\/\/www.txid.org\/\",\"logo\":{\"@type\":\"ImageObject\",\"inLanguage\":\"en-US\",\"@id\":\"https:\/\/www.txid.org\/#\/schema\/logo\/image\/\",\"url\":\"https:\/\/www.txid.org\/wp-content\/uploads\/2019\/11\/Ghohestani_Dr.jpg\",\"contentUrl\":\"https:\/\/www.txid.org\/wp-content\/uploads\/2019\/11\/Ghohestani_Dr.jpg\",\"width\":406,\"height\":512,\"caption\":\"Texas Institute of Dermatology, Laser and Cosmetic Surgery\"},\"image\":{\"@id\":\"https:\/\/www.txid.org\/#\/schema\/logo\/image\/\"},\"sameAs\":[\"https:\/\/x.com\/txderm\",\"http:\/\/texasdermatology\"]}]}<\/script>\n<!-- \/ Yoast SEO plugin. -->","yoast_head_json":{"title":"Quiere a tu Piel","description":"Quiere a tu Piel","robots":{"index":"index","follow":"follow","max-snippet":"max-snippet:-1","max-image-preview":"max-image-preview:large","max-video-preview":"max-video-preview:-1"},"canonical":"https:\/\/www.txid.org\/?page_id=3966","og_locale":"en_US","og_type":"article","og_title":"Quiere a tu Piel","og_description":"Quiere a tu Piel","og_url":"https:\/\/www.txid.org\/?page_id=3966","og_site_name":"Top Dermatologist in San Antonio Boerne | Texas Institute of Dermatology, Laser and Cosmetic Surgery","article_modified_time":"2014-07-23T19:07:57+00:00","twitter_misc":{"Est. reading time":"2 minutes"},"schema":{"@context":"https:\/\/schema.org","@graph":[{"@type":"WebPage","@id":"https:\/\/www.txid.org\/?page_id=3966","url":"https:\/\/www.txid.org\/?page_id=3966","name":"Quiere a tu Piel","isPartOf":{"@id":"https:\/\/www.txid.org\/#website"},"datePublished":"2012-05-22T22:42:00+00:00","dateModified":"2014-07-23T19:07:57+00:00","description":"Quiere a tu Piel","breadcrumb":{"@id":"https:\/\/www.txid.org\/?page_id=3966#breadcrumb"},"inLanguage":"en-US","potentialAction":[{"@type":"ReadAction","target":["https:\/\/www.txid.org\/?page_id=3966"]}]},{"@type":"BreadcrumbList","@id":"https:\/\/www.txid.org\/?page_id=3966#breadcrumb","itemListElement":[{"@type":"ListItem","position":1,"name":"Home","item":"https:\/\/www.txid.org\/"},{"@type":"ListItem","position":2,"name":"Quiere a tu Piel"}]},{"@type":"WebSite","@id":"https:\/\/www.txid.org\/#website","url":"https:\/\/www.txid.org\/","name":"Best Dermatologist in San Antonio Boerne | Texas Institute of Dermatology, Laser and Cosmetic Surgery","description":"General, Surgical and Aesthetic Dermatology San Antonio Boerne","publisher":{"@id":"https:\/\/www.txid.org\/#organization"},"potentialAction":[{"@type":"SearchAction","target":{"@type":"EntryPoint","urlTemplate":"https:\/\/www.txid.org\/?s={search_term_string}"},"query-input":{"@type":"PropertyValueSpecification","valueRequired":true,"valueName":"search_term_string"}}],"inLanguage":"en-US"},{"@type":"Organization","@id":"https:\/\/www.txid.org\/#organization","name":"Texas Institute of Dermatology, Laser and Cosmetic Surgery","url":"https:\/\/www.txid.org\/","logo":{"@type":"ImageObject","inLanguage":"en-US","@id":"https:\/\/www.txid.org\/#\/schema\/logo\/image\/","url":"https:\/\/www.txid.org\/wp-content\/uploads\/2019\/11\/Ghohestani_Dr.jpg","contentUrl":"https:\/\/www.txid.org\/wp-content\/uploads\/2019\/11\/Ghohestani_Dr.jpg","width":406,"height":512,"caption":"Texas Institute of Dermatology, Laser and Cosmetic Surgery"},"image":{"@id":"https:\/\/www.txid.org\/#\/schema\/logo\/image\/"},"sameAs":["https:\/\/x.com\/txderm","http:\/\/texasdermatology"]}]}},"_links":{"self":[{"href":"https:\/\/www.txid.org\/index.php?rest_route=\/wp\/v2\/pages\/3966","targetHints":{"allow":["GET"]}}],"collection":[{"href":"https:\/\/www.txid.org\/index.php?rest_route=\/wp\/v2\/pages"}],"about":[{"href":"https:\/\/www.txid.org\/index.php?rest_route=\/wp\/v2\/types\/page"}],"author":[{"embeddable":true,"href":"https:\/\/www.txid.org\/index.php?rest_route=\/wp\/v2\/users\/9"}],"replies":[{"embeddable":true,"href":"https:\/\/www.txid.org\/index.php?rest_route=%2Fwp%2Fv2%2Fcomments&post=3966"}],"version-history":[{"count":0,"href":"https:\/\/www.txid.org\/index.php?rest_route=\/wp\/v2\/pages\/3966\/revisions"}],"wp:attachment":[{"href":"https:\/\/www.txid.org\/index.php?rest_route=%2Fwp%2Fv2%2Fmedia&parent=3966"}],"curies":[{"name":"wp","href":"https:\/\/api.w.org\/{rel}","templated":true}]}}